{"id":48,"date":"2021-03-13T16:25:36","date_gmt":"2021-03-13T16:25:36","guid":{"rendered":"https:\/\/pension-petit-leipzig.de\/?page_id=48"},"modified":"2021-03-13T16:25:36","modified_gmt":"2021-03-13T16:25:36","slug":"bewertungen","status":"publish","type":"page","link":"https:\/\/pension-petit-leipzig.de\/?page_id=48","title":{"rendered":"Bewertungen"},"content":{"rendered":"\n<figure class=\"wp-block-pullquote\"><blockquote><p><strong>Tolles Ambiente und eine sch\u00f6ne Woche verbracht<\/strong> &#8211; Christian M.<\/p><cite>Tolles Ambiente und eine sch\u00f6ne Woche verbracht. Super Fr\u00fchst\u00fcck&#8230;. Netter Service. ich werde auf jeden Fall mal wieder kommen. Danke f\u00fcr die sch\u00f6ne Woche&#8230;. Es hat mir sehr gut gefallen, besonders die Lage, alles in kurzen Wegen zu erreichen. \ud83d\ude0d<\/cite><\/blockquote><\/figure>\n\n\n\n<figure class=\"wp-block-pullquote\"><blockquote><p><strong>Gut und G\u00fcnstig<\/strong> &#8211; Daniel P.<\/p><cite>Kleine Pension, super Verkehrsanbindung, Zimmer ausreichend &#8211; vor allem der Vermieter ein Geheimtipp f\u00fcr alle Geschichtsinteressierte!<\/cite><\/blockquote><\/figure>\n\n\n\n<figure class=\"wp-block-pullquote\"><blockquote><p><strong>Kleine Pension mit einer sehr guten Lage, aber trotzdem sehr ruhig.<\/strong> &#8211; Roland W.<\/p><cite>Das Zimmer war in Ordnung und sauber. Beim Fr\u00fchst\u00fcck konnte ich mich nicht beschweren. Von der Menge her war es ausreichend und geschmacklich gut. Aber nat\u00fcrlich sind die Menschen verschieden und jeder ist eine andere Menge am Morgen gewohnt. Mir reichen zwei Br\u00f6tchen.<\/cite><\/blockquote><\/figure>\n\n\n\n<figure class=\"wp-block-pullquote\"><blockquote><p><strong>Man hat hier alles, was man braucht f\u00fcr einen g\u00fcnstigen Preis.<\/strong> &#8211; Michelle F.<\/p><cite>Man hat hier alles, was man braucht f\u00fcr einen g\u00fcnstigen Preis. Das Bett war bequem und man konnte gut darin schlafen. Ausschlaggebend f\u00fcr meine Buchung hier war die gute Lage. Der Service war in Ordnung und das Fr\u00fchst\u00fcck war gut.<\/cite><\/blockquote><\/figure>\n\n\n\n<figure class=\"wp-block-pullquote\"><blockquote><p><strong>Sehr gepflegtes Haus.<\/strong> &#8211; Matthias W.<\/p><cite>Sehr gepflegtes Haus, das Fr\u00fchst\u00fcck nicht luxuri\u00f6s, aber v\u00f6llig in Ordnung. Ruhige Lage, nur zwei Minuten bis zur Stra\u00dfenbahn. Absolut empfehlenswerte Unterkunft.<\/cite><\/blockquote><\/figure>\n\n\n\n<figure class=\"wp-block-pullquote\"><blockquote><p><strong>Gut und preiswert in Leipzig \u00fcbernachten<\/strong> &#8211; Windmuehle23<\/p><cite>Wir (3 Erwachsene im Alter von 60 &#8211; 73) wollten in Leipzig eine preiswerte Unterkunft (DZ, EZ) mit kostenlosem Parkplatz, guter Anbindung zum Nahverkehrsnetz und eine ruhige Lage, um Leipzig und Umgebung ohne Pkw kennenzulernen. Das haben wir mit dieser Pension gefunden. Wir haben uns wohl gef\u00fchlt, obwohl wir zun\u00e4chst \u00fcberrascht waren, im Zimmer fr\u00fchst\u00fccken zu m\u00fcssen, da es keinen Fr\u00fchst\u00fccksraum gibt. F\u00fcr Knie- oder H\u00fcftleidende sind die niedrigen Betten vermutlich eine kleine Herausforderung und ein gewisses Ma\u00df an Gro\u00dfz\u00fcgigkeit sollte man f\u00fcr dieses Haus mitbringen, was wir allerdings sehr gerne gew\u00e4hrten, besonders nachdem wir den Gastgeber kennengelernt hatten<\/cite><\/blockquote><\/figure>\n","protected":false},"excerpt":{"rendered":"<p>Tolles Ambiente und eine sch\u00f6ne Woche verbracht &#8211; Christian M. Tolles Ambiente und eine sch\u00f6ne Woche verbracht. Super Fr\u00fchst\u00fcck&#8230;. Netter Service. ich werde auf jeden Fall mal wieder kommen. Danke f\u00fcr die sch\u00f6ne Woche&#8230;. Es hat mir sehr gut gefallen, besonders die Lage, alles in kurzen Wegen zu erreichen. \ud83d\ude0d Gut und G\u00fcnstig &#8211; Daniel &hellip; <\/p>\n<p class=\"link-more\"><a href=\"https:\/\/pension-petit-leipzig.de\/?page_id=48\" class=\"more-link\"><span class=\"screen-reader-text\">&#8222;Bewertungen&#8220;<\/span> weiterlesen<\/a><\/p>\n","protected":false},"author":1,"featured_media":0,"parent":0,"menu_order":0,"comment_status":"closed","ping_status":"closed","template":"","meta":[],"_links":{"self":[{"href":"https:\/\/pension-petit-leipzig.de\/index.php?rest_route=\/wp\/v2\/pages\/48"}],"collection":[{"href":"https:\/\/pension-petit-leipzig.de\/index.php?rest_route=\/wp\/v2\/pages"}],"about":[{"href":"https:\/\/pension-petit-leipzig.de\/index.php?rest_route=\/wp\/v2\/types\/page"}],"author":[{"embeddable":true,"href":"https:\/\/pension-petit-leipzig.de\/index.php?rest_route=\/wp\/v2\/users\/1"}],"replies":[{"embeddable":true,"href":"https:\/\/pension-petit-leipzig.de\/index.php?rest_route=%2Fwp%2Fv2%2Fcomments&post=48"}],"version-history":[{"count":9,"href":"https:\/\/pension-petit-leipzig.de\/index.php?rest_route=\/wp\/v2\/pages\/48\/revisions"}],"predecessor-version":[{"id":57,"href":"https:\/\/pension-petit-leipzig.de\/index.php?rest_route=\/wp\/v2\/pages\/48\/revisions\/57"}],"wp:attachment":[{"href":"https:\/\/pension-petit-leipzig.de\/index.php?rest_route=%2Fwp%2Fv2%2Fmedia&parent=48"}],"curies":[{"name":"wp","href":"https:\/\/api.w.org\/{rel}","templated":true}]}}